{"id":1367,"date":"2016-02-12T07:54:41","date_gmt":"2016-02-12T07:54:41","guid":{"rendered":"http:\/\/demos.famethemes.com\/onepress\/?page_id=4"},"modified":"2023-06-06T15:13:11","modified_gmt":"2023-06-06T20:13:11","slug":"bordados-2","status":"publish","type":"page","link":"http:\/\/puntadamaestra.com.previewc75.carrierzone.com\/","title":{"rendered":"PUNTADA MAESTRA"},"content":{"rendered":"\t\t<div data-elementor-type=\"wp-page\" data-elementor-id=\"1367\" class=\"elementor elementor-1367\">\n\t\t\t\t\t\t\t\t\t<section class=\"elementor-section elementor-top-section elementor-element elementor-element-3a8305e5 elementor-section-boxed elementor-section-height-default elementor-section-height-default\" data-id=\"3a8305e5\" data-element_type=\"section\">\n\t\t\t\t\t\t<div class=\"elementor-container elementor-column-gap-default\">\n\t\t\t\t\t<div class=\"elementor-column elementor-col-100 elementor-top-column elementor-element elementor-element-654e7963\" data-id=\"654e7963\" data-element_type=\"column\">\n\t\t\t<div class=\"elementor-widget-wrap elementor-element-populated\">\n\t\t\t\t\t\t\t\t<div class=\"elementor-element elementor-element-4718547b elementor-widget elementor-widget-text-editor\" data-id=\"4718547b\" data-element_type=\"widget\" data-widget_type=\"text-editor.default\">\n\t\t\t\t<div class=\"elementor-widget-container\">\n\t\t\t<style>\/*! elementor - v3.13.3 - 28-05-2023 *\/\n.elementor-widget-text-editor.elementor-drop-cap-view-stacked .elementor-drop-cap{background-color:#69727d;color:#fff}.elementor-widget-text-editor.elementor-drop-cap-view-framed .elementor-drop-cap{color:#69727d;border:3px solid;background-color:transparent}.elementor-widget-text-editor:not(.elementor-drop-cap-view-default) .elementor-drop-cap{margin-top:8px}.elementor-widget-text-editor:not(.elementor-drop-cap-view-default) .elementor-drop-cap-letter{width:1em;height:1em}.elementor-widget-text-editor .elementor-drop-cap{float:left;text-align:center;line-height:1;font-size:50px}.elementor-widget-text-editor .elementor-drop-cap-letter{display:inline-block}<\/style>\t\t\t\t<!-- wp:paragraph -->\n<p>Somos una empresa dedicada al dise\u00f1o y elaboraci\u00f3n de bordados en textiles, desarrollados conforme a la necesidad de nuestros clientes, siempre enmarcados dentro de una pol\u00edtica de calidad en la ejecuci\u00f3n de nuestros procesos y en la prestaci\u00f3n de servicios con responsabilidad, compromiso social y el progreso para la comunidad.<\/p>\n<!-- \/wp:paragraph -->\t\t\t\t\t\t<\/div>\n\t\t\t\t<\/div>\n\t\t\t\t\t<\/div>\n\t\t<\/div>\n\t\t\t\t\t\t\t<\/div>\n\t\t<\/section>\n\t\t\t\t<section class=\"elementor-section elementor-top-section elementor-element elementor-element-9868915 elementor-section-boxed elementor-section-height-default elementor-section-height-default\" data-id=\"9868915\" data-element_type=\"section\">\n\t\t\t\t\t\t<div class=\"elementor-container elementor-column-gap-default\">\n\t\t\t\t\t<div class=\"elementor-column elementor-col-100 elementor-top-column elementor-element elementor-element-6531532\" data-id=\"6531532\" data-element_type=\"column\">\n\t\t\t<div class=\"elementor-widget-wrap elementor-element-populated\">\n\t\t\t\t\t\t\t\t<div class=\"elementor-element elementor-element-e965e7d elementor-align-right elementor-widget__width-initial elementor-fixed elementor-widget elementor-widget-button\" data-id=\"e965e7d\" data-element_type=\"widget\" data-settings=\"{&quot;_position&quot;:&quot;fixed&quot;}\" data-widget_type=\"button.default\">\n\t\t\t\t<div class=\"elementor-widget-container\">\n\t\t\t\t\t<div class=\"elementor-button-wrapper\">\n\t\t\t<a href=\"https:\/\/wa.me\/573107812828?text=\u00a1Hola!%20quiero%20hacer%20una%20cotizaci\u00f3n\" target=\"_blank\" class=\"elementor-button-link elementor-button elementor-size-sm\" role=\"button\">\n\t\t\t\t\t\t<span class=\"elementor-button-content-wrapper\">\n\t\t\t\t\t\t\t<span class=\"elementor-button-icon elementor-align-icon-left\">\n\t\t\t\t<i aria-hidden=\"true\" class=\"fab fa-whatsapp\"><\/i>\t\t\t<\/span>\n\t\t\t\t\t\t<span class=\"elementor-button-text\"><\/span>\n\t\t<\/span>\n\t\t\t\t\t<\/a>\n\t\t<\/div>\n\t\t\t\t<\/div>\n\t\t\t\t<\/div>\n\t\t\t\t<div class=\"elementor-element elementor-element-81586a4 elementor-align-right elementor-widget__width-initial elementor-fixed elementor-widget elementor-widget-button\" data-id=\"81586a4\" data-element_type=\"widget\" data-settings=\"{&quot;_position&quot;:&quot;fixed&quot;}\" data-widget_type=\"button.default\">\n\t\t\t\t<div class=\"elementor-widget-container\">\n\t\t\t\t\t<div class=\"elementor-button-wrapper\">\n\t\t\t<a href=\"https:\/\/www.instagram.com\/direct\/t\/109698667095561?text=\u00a1Hola!%20Quiero%20hacer%20una%20cotizaci\u00f3n\" target=\"_blank\" class=\"elementor-button-link elementor-button elementor-size-sm\" role=\"button\">\n\t\t\t\t\t\t<span class=\"elementor-button-content-wrapper\">\n\t\t\t\t\t\t\t<span class=\"elementor-button-icon elementor-align-icon-left\">\n\t\t\t\t<i aria-hidden=\"true\" class=\"fab fa-instagram\"><\/i>\t\t\t<\/span>\n\t\t\t\t\t\t<span class=\"elementor-button-text\"><\/span>\n\t\t<\/span>\n\t\t\t\t\t<\/a>\n\t\t<\/div>\n\t\t\t\t<\/div>\n\t\t\t\t<\/div>\n\t\t\t\t<div class=\"elementor-element elementor-element-54d5810 elementor-align-justify elementor-widget__width-initial elementor-fixed elementor-widget elementor-widget-button\" data-id=\"54d5810\" data-element_type=\"widget\" data-settings=\"{&quot;_position&quot;:&quot;fixed&quot;}\" data-widget_type=\"button.default\">\n\t\t\t\t<div class=\"elementor-widget-container\">\n\t\t\t\t\t<div class=\"elementor-button-wrapper\">\n\t\t\t<a href=\"https:\/\/mail.google.com\/mail\/u\/0\/?tab=rm&#038;ogbl#inbox?compose=new\" target=\"_blank\" class=\"elementor-button-link elementor-button elementor-size-sm\" role=\"button\">\n\t\t\t\t\t\t<span class=\"elementor-button-content-wrapper\">\n\t\t\t\t\t\t\t<span class=\"elementor-button-icon elementor-align-icon-left\">\n\t\t\t\t<i aria-hidden=\"true\" class=\"far fa-envelope\"><\/i>\t\t\t<\/span>\n\t\t\t\t\t\t<span class=\"elementor-button-text\"><\/span>\n\t\t<\/span>\n\t\t\t\t\t<\/a>\n\t\t<\/div>\n\t\t\t\t<\/div>\n\t\t\t\t<\/div>\n\t\t\t\t\t<\/div>\n\t\t<\/div>\n\t\t\t\t\t\t\t<\/div>\n\t\t<\/section>\n\t\t\t\t\t\t\t<\/div>\n\t\t","protected":false},"excerpt":{"rendered":"<p>Somos una empresa dedicada al dise\u00f1o y elaboraci\u00f3n de bordados en textiles, desarrollados conforme a la necesidad de nuestros clientes, siempre enmarcados dentro de una pol\u00edtica de calidad en la &#8230;<\/p>\n","protected":false},"author":2,"featured_media":0,"parent":0,"menu_order":0,"comment_status":"closed","ping_status":"closed","template":"template-frontpage.php","meta":[],"yoast_head":"<!-- This site is optimized with the Yoast SEO plugin v20.8 - https:\/\/yoast.com\/wordpress\/plugins\/seo\/ -->\n<title>PUNTADA MAESTRA | Puntada Maestra Puntada Maestra<\/title>\n<meta name=\"description\" content=\"Somos una empresa dedicada al dise\u00f1o y elaboraci\u00f3n de bordados en textiles, desarrollados conforme a la necesidad de nuestros clientes, siempre enmarcados dentro de una pol\u00edtica de calidad en la ejecuci\u00f3n de nuestros procesos y en la prestaci\u00f3n de servicios con responsabilidad, compromiso social y el progreso para la comunidad.\" \/>\n<meta name=\"robots\" content=\"index, follow, max-snippet:-1, max-image-preview:large, max-video-preview:-1\" \/>\n<link rel=\"canonical\" href=\"http:\/\/puntadamaestra.com.previewc75.carrierzone.com\/\" \/>\n<meta property=\"og:locale\" content=\"es_ES\" \/>\n<meta property=\"og:type\" content=\"article\" \/>\n<meta property=\"og:title\" content=\"PUNTADA MAESTRA | Puntada Maestra Puntada Maestra\" \/>\n<meta property=\"og:description\" content=\"Somos una empresa dedicada al dise\u00f1o y elaboraci\u00f3n de bordados en textiles, desarrollados conforme a la necesidad de nuestros clientes, siempre enmarcados dentro de una pol\u00edtica de calidad en la ejecuci\u00f3n de nuestros procesos y en la prestaci\u00f3n de servicios con responsabilidad, compromiso social y el progreso para la comunidad.\" \/>\n<meta property=\"og:url\" content=\"http:\/\/puntadamaestra.com.previewc75.carrierzone.com\/\" \/>\n<meta property=\"og:site_name\" content=\"Puntada Maestra\" \/>\n<meta property=\"article:publisher\" content=\"https:\/\/es-la.facebook.com\/bordadospuntadamaestra\/\" \/>\n<meta property=\"article:modified_time\" content=\"2023-06-06T20:13:11+00:00\" \/>\n<meta name=\"twitter:card\" content=\"summary_large_image\" \/>\n<meta name=\"twitter:label1\" content=\"Tiempo de lectura\" \/>\n\t<meta name=\"twitter:data1\" content=\"1 minuto\" \/>\n<script type=\"application\/ld+json\" class=\"yoast-schema-graph\">{\"@context\":\"https:\/\/schema.org\",\"@graph\":[{\"@type\":\"WebPage\",\"@id\":\"http:\/\/puntadamaestra.com.previewc75.carrierzone.com\/\",\"url\":\"http:\/\/puntadamaestra.com.previewc75.carrierzone.com\/\",\"name\":\"PUNTADA MAESTRA | Puntada Maestra Puntada Maestra\",\"isPartOf\":{\"@id\":\"http:\/\/puntadamaestra.com.previewc75.carrierzone.com\/#website\"},\"datePublished\":\"2016-02-12T07:54:41+00:00\",\"dateModified\":\"2023-06-06T20:13:11+00:00\",\"description\":\"Somos una empresa dedicada al dise\u00f1o y elaboraci\u00f3n de bordados en textiles, desarrollados conforme a la necesidad de nuestros clientes, siempre enmarcados dentro de una pol\u00edtica de calidad en la ejecuci\u00f3n de nuestros procesos y en la prestaci\u00f3n de servicios con responsabilidad, compromiso social y el progreso para la comunidad.\",\"breadcrumb\":{\"@id\":\"http:\/\/puntadamaestra.com.previewc75.carrierzone.com\/#breadcrumb\"},\"inLanguage\":\"es\",\"potentialAction\":[{\"@type\":\"ReadAction\",\"target\":[\"http:\/\/puntadamaestra.com.previewc75.carrierzone.com\/\"]}]},{\"@type\":\"BreadcrumbList\",\"@id\":\"http:\/\/puntadamaestra.com.previewc75.carrierzone.com\/#breadcrumb\",\"itemListElement\":[{\"@type\":\"ListItem\",\"position\":1,\"name\":\"Portada\",\"item\":\"http:\/\/puntadamaestra.com.previewc75.carrierzone.com\/\"},{\"@type\":\"ListItem\",\"position\":2,\"name\":\"PUNTADA MAESTRA\"}]},{\"@type\":\"WebSite\",\"@id\":\"http:\/\/puntadamaestra.com.previewc75.carrierzone.com\/#website\",\"url\":\"http:\/\/puntadamaestra.com.previewc75.carrierzone.com\/\",\"name\":\"Puntada Maestra\",\"description\":\"\",\"publisher\":{\"@id\":\"http:\/\/puntadamaestra.com.previewc75.carrierzone.com\/#organization\"},\"potentialAction\":[{\"@type\":\"SearchAction\",\"target\":{\"@type\":\"EntryPoint\",\"urlTemplate\":\"http:\/\/puntadamaestra.com.previewc75.carrierzone.com\/?s={search_term_string}\"},\"query-input\":\"required name=search_term_string\"}],\"inLanguage\":\"es\"},{\"@type\":\"Organization\",\"@id\":\"http:\/\/puntadamaestra.com.previewc75.carrierzone.com\/#organization\",\"name\":\"Puntada Maestra\",\"url\":\"http:\/\/puntadamaestra.com.previewc75.carrierzone.com\/\",\"logo\":{\"@type\":\"ImageObject\",\"inLanguage\":\"es\",\"@id\":\"http:\/\/puntadamaestra.com.previewc75.carrierzone.com\/#\/schema\/logo\/image\/\",\"url\":\"http:\/\/puntadamaestra.com.previewc75.carrierzone.com\/wp-content\/uploads\/2019\/11\/pm-mediano-e1595691509208.png\",\"contentUrl\":\"http:\/\/puntadamaestra.com.previewc75.carrierzone.com\/wp-content\/uploads\/2019\/11\/pm-mediano-e1595691509208.png\",\"width\":110,\"height\":112,\"caption\":\"Puntada Maestra\"},\"image\":{\"@id\":\"http:\/\/puntadamaestra.com.previewc75.carrierzone.com\/#\/schema\/logo\/image\/\"},\"sameAs\":[\"https:\/\/es-la.facebook.com\/bordadospuntadamaestra\/\",\"https:\/\/www.instagram.com\/puntada_maestra\/\",\"https:\/\/www.youtube.com\/channel\/UC64qyOv1Zpt2knrthmaE3-Q?view_as=subscriber\"]}]}<\/script>\n<!-- \/ Yoast SEO plugin. -->","yoast_head_json":{"title":"PUNTADA MAESTRA | Puntada Maestra Puntada Maestra","description":"Somos una empresa dedicada al dise\u00f1o y elaboraci\u00f3n de bordados en textiles, desarrollados conforme a la necesidad de nuestros clientes, siempre enmarcados dentro de una pol\u00edtica de calidad en la ejecuci\u00f3n de nuestros procesos y en la prestaci\u00f3n de servicios con responsabilidad, compromiso social y el progreso para la comunidad.","robots":{"index":"index","follow":"follow","max-snippet":"max-snippet:-1","max-image-preview":"max-image-preview:large","max-video-preview":"max-video-preview:-1"},"canonical":"http:\/\/puntadamaestra.com.previewc75.carrierzone.com\/","og_locale":"es_ES","og_type":"article","og_title":"PUNTADA MAESTRA | Puntada Maestra Puntada Maestra","og_description":"Somos una empresa dedicada al dise\u00f1o y elaboraci\u00f3n de bordados en textiles, desarrollados conforme a la necesidad de nuestros clientes, siempre enmarcados dentro de una pol\u00edtica de calidad en la ejecuci\u00f3n de nuestros procesos y en la prestaci\u00f3n de servicios con responsabilidad, compromiso social y el progreso para la comunidad.","og_url":"http:\/\/puntadamaestra.com.previewc75.carrierzone.com\/","og_site_name":"Puntada Maestra","article_publisher":"https:\/\/es-la.facebook.com\/bordadospuntadamaestra\/","article_modified_time":"2023-06-06T20:13:11+00:00","twitter_card":"summary_large_image","twitter_misc":{"Tiempo de lectura":"1 minuto"},"schema":{"@context":"https:\/\/schema.org","@graph":[{"@type":"WebPage","@id":"http:\/\/puntadamaestra.com.previewc75.carrierzone.com\/","url":"http:\/\/puntadamaestra.com.previewc75.carrierzone.com\/","name":"PUNTADA MAESTRA | Puntada Maestra Puntada Maestra","isPartOf":{"@id":"http:\/\/puntadamaestra.com.previewc75.carrierzone.com\/#website"},"datePublished":"2016-02-12T07:54:41+00:00","dateModified":"2023-06-06T20:13:11+00:00","description":"Somos una empresa dedicada al dise\u00f1o y elaboraci\u00f3n de bordados en textiles, desarrollados conforme a la necesidad de nuestros clientes, siempre enmarcados dentro de una pol\u00edtica de calidad en la ejecuci\u00f3n de nuestros procesos y en la prestaci\u00f3n de servicios con responsabilidad, compromiso social y el progreso para la comunidad.","breadcrumb":{"@id":"http:\/\/puntadamaestra.com.previewc75.carrierzone.com\/#breadcrumb"},"inLanguage":"es","potentialAction":[{"@type":"ReadAction","target":["http:\/\/puntadamaestra.com.previewc75.carrierzone.com\/"]}]},{"@type":"BreadcrumbList","@id":"http:\/\/puntadamaestra.com.previewc75.carrierzone.com\/#breadcrumb","itemListElement":[{"@type":"ListItem","position":1,"name":"Portada","item":"http:\/\/puntadamaestra.com.previewc75.carrierzone.com\/"},{"@type":"ListItem","position":2,"name":"PUNTADA MAESTRA"}]},{"@type":"WebSite","@id":"http:\/\/puntadamaestra.com.previewc75.carrierzone.com\/#website","url":"http:\/\/puntadamaestra.com.previewc75.carrierzone.com\/","name":"Puntada Maestra","description":"","publisher":{"@id":"http:\/\/puntadamaestra.com.previewc75.carrierzone.com\/#organization"},"potentialAction":[{"@type":"SearchAction","target":{"@type":"EntryPoint","urlTemplate":"http:\/\/puntadamaestra.com.previewc75.carrierzone.com\/?s={search_term_string}"},"query-input":"required name=search_term_string"}],"inLanguage":"es"},{"@type":"Organization","@id":"http:\/\/puntadamaestra.com.previewc75.carrierzone.com\/#organization","name":"Puntada Maestra","url":"http:\/\/puntadamaestra.com.previewc75.carrierzone.com\/","logo":{"@type":"ImageObject","inLanguage":"es","@id":"http:\/\/puntadamaestra.com.previewc75.carrierzone.com\/#\/schema\/logo\/image\/","url":"http:\/\/puntadamaestra.com.previewc75.carrierzone.com\/wp-content\/uploads\/2019\/11\/pm-mediano-e1595691509208.png","contentUrl":"http:\/\/puntadamaestra.com.previewc75.carrierzone.com\/wp-content\/uploads\/2019\/11\/pm-mediano-e1595691509208.png","width":110,"height":112,"caption":"Puntada Maestra"},"image":{"@id":"http:\/\/puntadamaestra.com.previewc75.carrierzone.com\/#\/schema\/logo\/image\/"},"sameAs":["https:\/\/es-la.facebook.com\/bordadospuntadamaestra\/","https:\/\/www.instagram.com\/puntada_maestra\/","https:\/\/www.youtube.com\/channel\/UC64qyOv1Zpt2knrthmaE3-Q?view_as=subscriber"]}]}},"_links":{"self":[{"href":"http:\/\/puntadamaestra.com.previewc75.carrierzone.com\/index.php?rest_route=\/wp\/v2\/pages\/1367"}],"collection":[{"href":"http:\/\/puntadamaestra.com.previewc75.carrierzone.com\/index.php?rest_route=\/wp\/v2\/pages"}],"about":[{"href":"http:\/\/puntadamaestra.com.previewc75.carrierzone.com\/index.php?rest_route=\/wp\/v2\/types\/page"}],"author":[{"embeddable":true,"href":"http:\/\/puntadamaestra.com.previewc75.carrierzone.com\/index.php?rest_route=\/wp\/v2\/users\/2"}],"replies":[{"embeddable":true,"href":"http:\/\/puntadamaestra.com.previewc75.carrierzone.com\/index.php?rest_route=%2Fwp%2Fv2%2Fcomments&post=1367"}],"version-history":[{"count":52,"href":"http:\/\/puntadamaestra.com.previewc75.carrierzone.com\/index.php?rest_route=\/wp\/v2\/pages\/1367\/revisions"}],"predecessor-version":[{"id":2214,"href":"http:\/\/puntadamaestra.com.previewc75.carrierzone.com\/index.php?rest_route=\/wp\/v2\/pages\/1367\/revisions\/2214"}],"wp:attachment":[{"href":"http:\/\/puntadamaestra.com.previewc75.carrierzone.com\/index.php?rest_route=%2Fwp%2Fv2%2Fmedia&parent=1367"}],"curies":[{"name":"wp","href":"https:\/\/api.w.org\/{rel}","templated":true}]}}